?
False
Suppose 0*d = -2*d + 28. Let b(t) = 740*t - 39. Let k be b(d). Suppose 3*i - k = -2*a, -3*a = 3*i - 7*i + 13733. Is i prime?
False
Let z = -650 + 642. Let k(w) = 291*w**2 + 13*w + 9. Is k(z) a composite number?
True
Suppose -8*h = 24*h - 138761504. Is h a prime number?
False
Suppose 833*y + 1644309 = 842*y. Is y prime?
True
Let s(h) = -8*h - 28. Let n be s(-11). Let c = 63 - n. Suppose k = -i + 385 + 501, 5*k = c*i + 4438. Is k a prime number?
True
Suppose 2*m - 16 = -3*c, -3*c = -c + 2*m - 8. Suppose c*r = -8*r + 48592. Is r a composite number?
False
Suppose b - 158 = -5*a, 31*b - 272 = 29*b + a. Suppose -b*s = -123*s - 266145. Is s a prime number?
False
Suppose 7 = 2*k - 3*n, 2*k - 2 = -n + 9. Suppose -k*j + 6*j - 77 = 0. Is j prime?
False
Let k = -1168 - -36965. Is k a prime number?
True
Let h(x) = -3*x + 28. Let z be h(7). Let o be 1/(28/8) + 236/z. Suppose o*m - 33*m = 223. Is m a prime number?
True
Let t(p) = -142*p**2 - 19*p + 7. Let n be t(-21). Is (n/(-140))/((-6)/(-15)) prime?
False
Suppose 72*s - 50*s = 93566. Is s a composite number?
False
Let f(p) = p**3 + 2*p + 17. Let m be f(0). Let b = m - 25. Let v(z) = 2*z**2 - 9*z + 3. Is v(b) prime?
False
Let l = -26 - -28. Suppose 3*b = -l*b. Is -11756*(b - (-1)/(-4)) a prime number?
True
Suppose -259 = -5*p - 34. Suppose 0 = 4*n + 5*f - p, -6*n = -11*n + 3*f + 10. Suppose -2*s - 3*s + 2*t + 639 = 0, -3*s + 371 = n*t. Is s composite?
False
Suppose -g - 493 = -4*i - 2*g, -5*i + 623 = -g. Suppose -19*w + 64 = 140. Is -1 - w - -12*i/6 prime?
True
Let s = 10 + -6. Suppose y + j = s, -4*y = -0*y + 5*j - 15. Suppose 3*l = 2*x + x + 7728, 12904 = y*l + 3*x. Is l prime?
True
Is ((-261)/(-3132))/(2/24047448) a composite number?
False
Let f = 867135 - 373696. Is f a composite number?
True
Let j(i) = -68*i**2 + i - 2. Let w(m) = 5 - 7 + 3 + 0*m + m. Let g(s) = -j(s) - 5*w(s). Is g(-4) composite?
False
Let o = -112 - -117. Let b be (0 + o)*1044/(-45). Let z = 169 + b. Is z composite?
False
Suppose 2776392 + 1479888 = 20*r. Suppose r = 20*a - 53566. Is a a prime number?
False
Let m(i) = -2*i - 30. Let y be m(-18). Let b be 2 + (-2)/(y/(-4275)). Let k = -754 + b. Is k composite?
False
Let t = 0 + 2. Suppose 2*b + p = -3 + 16, -2*b + 2*p - t = 0. Suppose -b*f = 2*s - 3344, 0*s - 8 = 2*s. Is f a composite number?
True
Let c(o) = 71185*o + 750. Is c(7) composite?
True
Suppose -44*w + 48*w = 56436. Suppose -22*n + w = 1107. Is n a composite number?
True
Suppose 2*a - 18*a - 6192 = 0. Let b = 866 + a. Is b a composite number?
False
Suppose 2*k - 2638 - 3836 = 0. Let d = 5474 - k. Is d a prime number?
True
Suppose c = -u + 3*c - 5, 3*u = -2*c + 25. Suppose -4*p + 12 = -2*g + 3*g, 4*g - u*p = -15. Is 4*(g/(-3) + 106/4) a composite number?
True
Let y = -1179 - -794. Let n = y + 52. Let s = n + 586. Is s a composite number?
True
Let k be 14/35 - 67202/5. Let p = 18901 + k. Is p composite?
True
Is ((-1974950)/600)/(3/(-36)) prime?
True
Let q(r) = 287*r**2 - 206*r + 22. Is q(9) composite?
True
Let g(f) = -2*f**3 - 14*f**2 - 2*f + 13. Suppose 0 = -13*n + 5*n + 16. Suppose 49 = -n*h - 2*h - 3*i, 4*h + 34 = 2*i. Is g(h) composite?
True
Suppose -34821*y = -34806*y - 401955. Is y composite?
True
Suppose 19 - 415 = 18*s. Is 36/66 + (-40622)/s a prime number?
True
Suppose -9*q - 2*m + 34 = -7*q, 5*m = q + 13. Let c = q - -211. Is c prime?
True
Suppose -6519 = -2*g - 1931. Is 3*g - (7 + -8) composite?
False
Suppose -2*c - 33*c = 0. Suppose -2*r - 4 = c, 2*r = -2*h + r + 47060. Is h composite?
False
Suppose 2 = -4*a + 14. Suppose c - 9416 = -2*n, -a*n - c + 14124 = -3*c. Suppose -3*h + 4*i + i = -n, 4*i + 20 = 0. Is h prime?
False
Let g = -90 + 93. Suppose 217 = -g*w - 356. Is (2 - (14 - 1))/(1/w) composite?
True
Suppose -5*z + 2139 + 8816 = 0. Let q = 3092 - z. Is q a prime number?
False
Let x = 202469 - -12510. Is x composite?
True
Suppose -116603 = 3*o - 25718. Let a be 2/(-3) - o/15. Suppose 2*i - a = -i. Is i prime?
True
Let x(j) be the second derivative of -j**5/20 - 5*j**4/4 + 8*j**3 + j**2/2 + 98*j. Is x(-22) composite?
False
Let z = 3 + 2. Let r(i) be the third derivative of 6*i**5/5 + 5*i**4/12 - i**3/2 + i**2 - 68*i. Is r(z) a composite number?
False
Let j(f) be the third derivative of 17*f**5/60 - 35*f**4/4 + 13*f**3/3 + 46*f**2 - 2*f. Is j(-27) a composite number?
False
Suppose 2*b - 1288912 = -18*b + 1406628. Is b composite?
False
Let c(v) = -6*v**3 - 13*v**2 - 3*v - 35. Is c(-9) prime?
True
Let k(u) = -224*u - 57 - 59 - 41. Is k(-16) composite?
True
Let u(z) = -9*z - 3. Let s be u(7). Let k(h) = h**3 - 7*h**2 - 3*h + 30. Let m be k(5). Let q = m - s. Is q prime?
True
Suppose 13*i = 18*i + 31655. Let d = i - -9216. Is d a composite number?
True
Let g(y) = 145*y**2 + 36*y + 566. Is g(-9) composite?
False
Suppose -4*u = 16, -c + 36*u = 32*u - 27861. Is c composite?
True
Let q(b) = 1003*b - 127. Let f = 788 + -780. Is q(f) a composite number?
True
Let y be (-37)/(-7) - 4*(-5)/(-70). Suppose -y*p - 704 = 3*i - 4*i, 0 = 4*i - 5*p - 2831. Is i a prime number?
True
Let s(f) = f + 4. Let z be s(0). Suppose -z*l + 3*l = r + 10, -5*r = -5*l - 70. Let t(h) = h**2 + 8*h + 21. Is t(l) prime?
False
Let k(q) = -1 - 8*q + 462*q**2 - 1 - 5 + 4. Is k(-7) composite?
False
Suppose f + 4*j - 60468 - 31139 = 0, 0 = -4*f - 4*j + 366428. Is f a prime number?
False
Is 1119/2984 - 2/(-16)*402229 prime?
False
Let p = -15444 + 10976. Is (p*(-5)/20)/(0 + 1) a prime number?
True
Let k be 7/(7/6) - (0 + 3). Suppose -k*p = 9, 8*i - 4*i = 2*p + 28786. Is i a composite number?
True
Let d(r) = -r**3 - 13*r**2 - 3*r + 19. Let i be d(-12). Let u = -83 - i. Suppose 4*v + 22 - 440 = -2*z, 0 = 3*v - u. Is z a prime number?
False
Suppose 3674 = 15*p - 4*p. Let o(j) = 2 - 110*j + 25*j - p*j. Is o(-3) prime?
True
Let p be -2 - (4 + (0 - -4)). Let w = p - -8. Is (33 + w)/(-2 - -3) a composite number?
False
Let p(d) be the second derivative of 3*d**4/4 - 13*d**3/6 + 5*d**2/2 + 27*d. Let t be p(-8). Let k = -354 + t. Is k composite?
False
Let p be (1 - (-12)/3)*3/15. Suppose -4*g + 2*i - 6*i = -16, 4*i - p = g. Is g/(-12) + (-63)/(-28) + 491 a prime number?
False
Let y(n) = 192*n**2 - 105*n**2 + 238*n**2 + 7 + 184*n**2 - 4 + 3*n. Is y(-2) prime?
False
Let m(b) = 8*b**2 - 87*b. Let z be m(11). Suppose -52227 = -z*g + 70808. Is g a composite number?
True
Let x = -122 - -122. Suppose -i + x*i + 3013 = 4*f, 4*f + 20 = 0. Let w = i - 1348. Is w prime?
False
Suppose -146*y = -204*y + 2392674. Is y a prime number?
False
Suppose 2293331 = -37*v + 40*v + 4*i, 3*i = 3*v - 2293380. Is v a prime number?
False
Let p(w) be the first derivative of w**4/2 + 2*w**3 + 25*w**2/2 - 41*w - 50. Is p(8) composite?
False
Let a = 1719612 - 1123583. Is a composite?
True
Let v be -1*22 - -4*12/8. Let n(r) be the second derivative of r**5/20 + 4*r**4/3 - 7*r**3/3 - 5*r**2/2 - r. Is n(v) a prime number?
False
Let q = 71202 - 4549. Is q composite?
False
Let c = 375394 + -171611. Is c prime?
False
Let k(f) = -90*f + 23. Let y(b) = -89*b + 23. Let w(r) = -4*k(r) + 3*y(r). Is w(10) a prime number?
True
Suppose -82 - 28 = 55*u. Let x(k) = -58*k**3 - 7*k**2 - 1 - 110*k**3 + 3*k**2 - 5*k. Is x(u) prime?
False
Let r(f) = 2 - 25*f**3 + 3*f + 1 + 0 - 2 - 5*f**2 + 79*f**3. Is r(4) composite?
False
Let x = -118 + 126. Suppose -5*c + 41561 = x*c. Is c composite?
True
Suppose 69*j + 3*w - 2277491 = 65*j, 5*j + 5*w - 2846870 = 0. Is j prime?
True
Let z = 360747 - 19130. Is z a composite number?
False
Let t(n) = 2253*n - 106. Let k be t(6). Let j = k + -7855. Is j composite?
False
Suppose 5*a + 100*a + 233*a - 14518114 = 0. Is a a prime number?
True
Suppose -5*x - 10 = -5*s, 4*x = -5*s + 2*x + 31. Suppose 3*g + s*l - 2*l = 2259, 4*l + 3747 = 5*g. Is g composite?
False
Is (-19034791)/(-424)*(9 + -1) composite?
False
Let d(o) be the first derivative of -o**2/2 - 11*o + 9. Let m be d(-15). Suppose 0 = 4*z + 2*x - 434, m*x - 16 = -4*z + 408. Is z prime?
False
Let t be (224/(-48))/((-4)/18). Suppose -2*y + 28 = 4*z, -z - 3*y + t = 2*z. Let m(j) = -j**3 + 6*j**2 + 8*j + 6. Is m(z) a composite number?
False
Let f = -247 + 334. Is (f + -97)/((-16702)/(-16706) + -1) composite?
True
Let l be 4 - 10/((-30)/(-21)). Is (l - 1)*356925/(-100) composite?
True
Is (-12 + (-1241)/(-102))/(2/193524) a pri